m - 108. Calculate p(-17).
-6
Let j(y) = -11*y. Determine j(6).
-66
Let p(x) = -7*x + 77. Calculate p(9).
14
Let r(b) = -4*b**2 + 2*b - 2. Give r(2).
-14
Let x(y) = y**2 - 4*y - 8. Determine x(-3).
13
Let f(c) = -13*c - 6. Determine f(4).
-58
Let a(h) = -12*h - 79. What is a(-7)?
5
Let y(i) = -2*i**2 - 14*i + 15. Determine y(-7).
15
Let h(g) = g - 3. Determine h(6).
3
Let w(x) = 2*x**3 - 13*x**2 - 3*x + 15. What is w(7)?
43
Let n(i) = 2*i - 49. Calculate n(22).
-5
Let q(n) = n**3 + 5*n**2 + 7*n + 9. Calculate q(-4).
-3
Let h(b) = b**3 + 17*b**2 + 17*b + 9. What is h(-16)?
-7
Let r(k) = -9*k + 40. Determine r(4).
4
Let w(t) = t**2 + 31*t + 35. Give w(-29).
-23
Let v(l) = l**2 + 18*l - 241. Calculate v(9).
2
Let b(l) = -11*l - 24. Determine b(-2).
-2
Let o(a) = -8*a**2 - 1. Calculate o(-1).
-9
Let l(u) = 3*u**3 + 29*u**2 - 9*u + 11. Determine l(-10).
1
Let f(n) = 2*n**2 + n + 9. Determine f(-4).
37
Let t(x) = -6*x**2 - 3*x. Determine t(-1).
-3
Let o(w) = -w**3 + 19*w**2 - 19*w + 18. What is o(18)?
0
Let v(m) = m - 1. Calculate v(5).
4
Let p(c) = -c**2 + 12*c + 1. Determine p(9).
28
Let o(v) = -v. What is o(4)?
-4
Let a(m) = m**3 - 5*m**2 + 7*m. Determine a(2).
2
Let b(f) = 9*f - 13. Calculate b(-2).
-31
Let j(k) = 7*k**2 - 9*k + 25. Give j(3).
61
Let i(g) = -2*g**3 - 20*g**2 - 12*g + 49. What is i(-9)?
-5
Let t(z) = -z**3 - z**2 + 6*z + 2. Give t(0).
2
Let h(x) = -x**3 - 21*x**2 - 25*x + 6. What is h(-20)?
106
Let j(x) = 3*x**3 + 10*x**2 - 1. Determine j(-3).
8
Let l(u) = -4*u - 35. Calculate l(-6).
-11
Let b(k) = -5*k + 5. Give b(6).
-25
Let u(v) = 2*v + 9. What is u(-9)?
-9
Let j(i) = -2*i**2 - 32*i - 9. What is j(-16)?
-9
Let g(j) = -16*j + 147. What is g(8)?
19
Let m(g) = g**2 - 19*g + 116. Give m(10).
26
Let x(o) = -2*o**3 + o**2 + 3*o + 4. Determine x(-3).
58
Let m(r) = -r**2 + 15*r - 6. Give m(5).
44
Let i(j) = j**3 + 14*j**2 + 15*j + 22. Give i(-13).
-4
Let c(a) = 80*a + 501. Determine c(-6).
21
Let d(z) = 4*z - 9. Give d(4).
7
Let c(v) = 16*v - 16. What is c(1)?
0
Let l(i) = i**3 - i**2 - 3*i - 1. What is l(3)?
8
Let a(z) = -z**2 + 4*z + 4. Determine a(-1).
-1
Let l(b) = 22*b**2 + 20*b + 1. Calculate l(-1).
3
Let m(f) = f**3 - 3*f**2 - 2*f - 3. What is m(4)?
5
Let n(w) = -w**3 - 11*w**2 - 13*w + 6. Give n(-9).
-39
Let o(p) = 2*p**2 + 7*p + 5. What is o(-4)?
9
Let l(k) = k - 5. Calculate l(0).
-5
Let b(q) = -q + 1. Calculate b(-16).
17
Let t(u) = -u**3 + 16*u**2 - 15*u + 16. Give t(15).
16
Let i(s) = -s**3 + 14*s**2 + 31*s + 15. Determine i(16).
-1
Let d(p) = -p**2 - 10*p + 2. Determine d(-9).
11
Let z(p) = 4*p - 7. What is z(-7)?
-35
Let b(k) = -6*k + 3. What is b(8)?
-45
Let p(s) = 8*s - 98. Give p(12).
-2
Let m(c) = -c**3 + 3*c**2 + c + 2. Calculate m(5).
-43
Let y(w) = -w**3 + 4*w**2 - 9. What is y(0)?
-9
Let m(z) = z**3 + 8*z**2 + 10*z + 4. What is m(-7)?
-17
Let z(n) = -n**2 + 10*n + 123. Calculate z(20).
-77
Let s(c) = c**3 - 11*c**2 - 13*c + 4. What is s(12)?
-8
Let g(z) = -3*z**2 + 5*z - 2. Determine g(5).
-52
Let o(a) = -a**3 - 8*a**2 - 4*a - 30. What is o(-8)?
2
Let n(k) = -k**3 - 4*k**2 - 5*k - 5. Give n(-4).
15
Let h(c) = c**2 - 3*c + 1. What is h(7)?
29
Let q(k) = 60*k - 3. What is q(-1)?
-63
Let o(n) = -2*n - 4. What is o(0)?
-4
Let n(c) = -16*c - 143. Determine n(-12).
49
Let n(j) = j**3 + 2*j**2 + 2*j + 4. Determine n(-2).
0
Let m(n) = n**2 + 2*n + 7. Determine m(0).
7
Let z(p) = -p**2 - 65*p + 351. Calculate z(5).
1
Let q(x) = 18*x - 89. Give q(6).
19
Let y(j) = 17*j + 360. Determine y(-21).
3
Let n(u) = -u**3 - 13*u**2 - 10*u + 16. Give n(-12).
-8
Let h(d) = -3*d**2 + 24*d - 5. Calculate h(9).
-32
Let f(b) = -11*b - 15. Calculate f(-7).
62
Let l(d) = d**2 - 4*d + 5. Calculate l(4).
5
Let t(c) = -15*c + 1. Calculate t(1).
-14
Let a(v) = v - 25. What is a(8)?
-17
Let x(r) = 6*r**3 + r**2. Determine x(-1).
-5
Let u(d) = 3*d**2 - 9*d + 8. Calculate u(7).
92
Let r(j) = 2*j**2 - 37*j - 23. Calculate r(19).
-4
Let u(a) = -a**3 + 13*a**2 - 10*a - 11. What is u(12)?
13
Let p(d) = d**2 + 13*d + 42. Determine p(-6).
0
Let p(q) = -11*q + 162. Calculate p(16).
-14
Let u(j) = 35*j + 432. Determine u(-12).
12
Let k(t) = -2*t**2 + 36*t - 45. Determine k(17).
-11
Let n(a) = -a - 14. Give n(-20).
6
Let s(r) = 2*r + 35. Calculate s(-13).
9
Let u(b) = -b**2 - 5*b + 11. Calculate u(-6).
5
Let t(x) = x**3 - 38*x**2 - 43*x + 154. Calculate t(39).
-2
Let m(z) = -18*z - 41. What is m(-8)?
103
Let k(m) = -m**3 - 9*m**2 + 10*m - 4. Determine k(-10).
-4
Let x(d) = -d - 6. Give x(3).
-9
Let g(q) = 6*q**2 + 31*q + 4. What is g(-3)?
-35
Let b(f) = f**3 + 47*f**2 + 44*f - 89. Give b(-46).
3
Let z(c) = -25*c - 10. What is z(-3)?
65
Let u(m) = m**3 + 17. Calculate u(0).
17
Let b(c) = -7*c - 91. What is b(-10)?
-21
Let n(h) = -2*h + 26. What is n(12)?
2
Let k(a) = a**2 - 9*a + 9. Give k(13).
61
Let r(p) = -6*p + 5. Give r(3).
-13
Let k(g) = 2*g**2 + 15*g - 3. Calculate k(-7).
-10
Let x(f) = f**2 + 3*f - 11. Calculate x(-6).
7
Let a(q) = -7*q + 177. Determine a(26).
-5
Let j(v) = 21*v - 1. What is j(2)?
41
Let a(i) = 2*i. Calculate a(-1).
-2
Let k(f) = f**2 - 8*f + 16. What is k(7)?
9
Let x(f) = -3*f**3 - 4*f**2 - 5*f - 4. Determine x(-2).
14
Let n(p) = 10*p**3 + p**2 - 2. What is n(2)?
82
Let q(h) = -h**2 + 10*h + 5. Calculate q(-4).
-51
Let w(v) = -v**3 + 7*v**2 - 7*v + 6. Calculate w(6).
0
Let b(a) = -3*a**2 - 13*a + 3. What is b(-4)?
7
Let x(a) = -a + 22. What is x(18)?
4
Let y(v) = -2*v - 9. Give y(-8).
7
Let m(u) = -34*u - 9. Calculate m(-1).
25
Let s(h) = h - 19. Give s(20).
1
Let l(d) = -2*d**2 + 4*d - 2. Determine l(5).
-32
Let d(g) = g**2 - 16*g + 28. Determine d(14).
0
Let g(k) = -k + 26. What is g(14)?
12
Let p(o) = o**2 - 15*o + 9. Determine p(14).
-5
Let k(c) = -4*c - 11. Give k(-11).
33
Let u(m) = -4*m**2 - 68*m + 4. Calculate u(-17).
4
Let x(n) = 7*n**2 + 27*n + 1. Give x(-4).
5
Let l(b) = -3*b**2 + 32*b - 29. Determine l(10).
-9
Let k(n) = n**2 + 10*n - 19. Calculate k(-7).
-40
Let g(p) = -12*p**2 - 2*p. Determine g(1).
-14
Let s(h) = -2*h + 12. Determine s(5).
2
Let k(v) = 7*v + 2. Determine k(1).
9
Let j(t) = -3*t**2 - t + 6. Determine j(6).
-108
Let z(i) = i**3 + 7*i**2 + 10. Determine z(-7).
10
Let a(b) = -b**2 - 11*b - 3. What is a(-13)?
-29
Let g(b) = -2*b + 7. What is g(-16)?
39
Let v(j) = j - 2. Determine v(-6).
-8
Let s(a) = -a + 6. Determine s(-8).
14
Let z(r) = -r**3 - 10*r**2 + 54*r - 26. Give z(-14).
2
Let d(m) = -m**2 - 15*m - 7. Give d(-14).
7
Let c(k) = k**3 + 2*k**2 - 8*k + 4. What is c(3)?
25
Let v(i) = i**3 - 22*i**2 - 23*i - 29. What is v(23)?
-29
Let b(o) = o**3 + 4*o**2 + 4*o - 1. Calculate b(-3).
-4
Let x(l) = -2*l**2 - 11*l - 8. Give x(-7).
-29
Let f(q) = 4*q**2 - 90*q + 46. Calculate f(22).
2
Let a(s) = -s + 9. Give a(5).
4
Let i(j) = -j**3 + 10*j**2 - j + 5. Determine i(10).
-5
Let s(q) = q**3 - q**2 - 7*q + 11. Give s(4).
31
Let s(p) = 30*p**2 + 4*p + 1. Calculate s(-1).
27
Let v(z) = z**3 + z**2 - 13*z + 14. Calculate v(-5).
-21
Let r(x) = x**3 + 15*x**2 - 16*x + 6. Give r(-16).
6
Let u(t) = -t**2 - 3*t - 1. Calculate u(4).
-29
Let p(f) = -f**3 + 4*f**2 - 5*f + 5. Determine p(3).
-1
Let c(b) = b**3 + 8*b**2 + 19*b + 6. Determine c(-4).
-6
Let g(k) = k**2 + 10*k - 21. What is g(-12)?
3
Let d(p) = -13*p - 172. Calculate d(-10).
-42
Let d(r) = 3*r - 10. What is d(9)?
17
Let y(g) = -g**3 + 6*g**2 - g + 6. Calculate y(5).
26
Let d(z) = z**3 + 23*z**2 - 22*z + 59. What is d(-24)?
11
Let t(c) = -2*c**3 + 33*c**2 - 71*c + 13. Give t(14).
-1
Let y(j) = -j**2 + 15*j - 65. Calculate y(9).
-11
Let y(c) = -45*c + 434. What is y(10)?
-16
Let u(t) = 12*t**2 + 17*t - 34. Give u(2).
48
Let q(k) = 6*k + 13. Calculate q(-6).
-23
Let r(y) = -y**3 - 5*y**2 + 81*y + 454. What is r(-8)?
-2
Let j(x) = 10*x - 54. Calculate j(6).
6
Let t(f) = f - 5. What is t(-10)?
-15
Let n(g) = g**2 - 13*g - 10. Calculate n(13).
-10
Let c(x) = x**3 + 20*x**2 - 18*x + 77. What is c(-21)?
14
Let o(v) = 13*v + 3. Calculate o(-8).
-101
Let n(u) = -u**3 - 13*u**2 + 10*u - 3. Give n(-14).
53
Let r(u) = -u**3 + 16*u**2 + 16*u + 18. Give r(17).
1
Let q(x) = x**2 - 6*x - 9. Give q(7).
-2
Let j(y) = y**3 + 13*y**2 + 14*y + 48. What is j(-12)?
24
Let p(n) = -3*n**2 - n + 30. Give p(0).
30
Let c(v) = v**2 - 4*v + 5. Calculate c(4).
5
Let l(b) = b**3 + b**2 